2) + 1 + -1
-1
What is 0 + 2 + -3 + -5 - 1?
-7
What is the value of 3 + -2 - (3 + -3 - 1)?
2
Evaluate (2 + 5 - 7) + 2.
2
Calculate 4 + -8 - (1 - 3).
-2
Evaluate -3 + -4 - -5 - (-1 - 0).
-1
Calculate 3 - (-3 - -6 - 2) - 4.
-2
Evaluate 0 + (3 - 2) + -1 - 2.
-2
What is 7 + -15 - -12 - -4 - -2?
10
Calculate 7 - (-2 - (-4 + 0)).
5
What is the value of 6 - (1 + 4) - 3?
-2
(-2 - (0 + -2)) + -6 - 0
-6
What is the value of 1 + (-3 - -5) + -1?
2
-4 - (-15 + 10 + -5)
6
Calculate 0 + 2 - 2 - (15 + -18).
3
Calculate 0 + 5 + -193 + 185.
-3
Calculate -14 + (5 - -5 - 3).
-7
Calculate -49 - -50 - (7 + -3 + 1).
-4
What is the value of (1 + 6 - 0) + -20 + 21?
8
Evaluate 2 + -4 + 1 + 2 - -4.
5
What is the value of 8 - (8 - (-3 + 4))?
1
Calculate 8 - ((18 - 0) + -2).
-8
-5 + -2 + 6 + (5 - 2)
2
Calculate (3 - -2) + 29 + -40.
-6
Evaluate -1 + 3 + 3 + -10 + 3.
-2
What is the value of (0 - -4) + -8 + 6?
2
-5 - -3 - (-3 + -1)
2
(-7 - -4) + -3 + 3
-3
Evaluate (-9 - (1 - 5)) + 2.
-3
What is the value of 3 - (-4 + 3 + 7 - 3)?
0
0 + 4 + 1 + -349 + 349
5
Calculate 3 + -1 - (2 + 0 + -1).
1
Calculate 1 + 2 + (4 - 7).
0
What is the value of -8 + (6 - 2) + 0?
-4
Calculate -8 - (0 - (1 + -3 + 1)).
-9
Evaluate (-8 - -8) + -6 + (-1 - -4).
-3
What is the value of (9 - 5) + -2 + 2?
4
-4 - (5 + -5) - -5
1
Calculate -1 + 3 - 3 - (-21 + 19).
1
Evaluate (3 - -3) + (-5 - -1).
2
What is the value of (-1 - -2) + (81 - 87)?
-5
What is 4 - ((4 - -1) + -4)?
3
10 + -7 + 2 + 0 + 2
7
Calculate -3 + 3 + 11 + -17.
-6
What is the value of (0 - 4 - -2) + (-4 - -2)?
-4
8 - 7 - (3 + -1)
-1
Calculate (4 + -1 - 2) + 5 + -1.
5
Evaluate -5 + 1 + (-8 - -7).
-5
-22 + 29 + (-4 - -1)
4
What is the value of -1 + (11 + -3 - 6)?
1
Calculate (3 - (11 - 5 - 3)) + 4.
4
Calculate 3 + (4 - -1) - 13.
-5
What is the value of 1 - 1 - 4 - 0?
-4
Calculate -1 + -3 + -2 + 2.
-4
What is the value of -2 + (-10 - -8) + 0?
-4
Evaluate 5 - (-3 - 3 - -11).
0
What is -16 - (6 - (16 - -2))?
-4
Calculate 4 - 8 - ((-7 - -5) + -1).
-1
Calculate 13 + 7 + 31 + -45.
6
Calculate (1 + 1 - 2) + (15 - 20).
-5
Calculate 4 + (3 - (-6 + 12)) + 2.
3
Evaluate -5 + (-7 - -9) + 4.
1
What is -4 - -6 - 5 - (-8 + -1)?
6
What is the value of (6 - (-4 - 0)) + -2?
8
What is the value of 5 + (4 - 0 - 6)?
3
What is the value of (2 - (0 + -5)) + -3?
4
What is 2 - -1 - 3 - (-1 + 3)?
-2
What is the value of 28 + -39 - (-7 + -1)?
-3
(-3 - (6 + 5)) + -1 + 6
-9
5 + (6 + -7 - (4 + -2))
2
(-3 + -2 - -9) + 0 + -5
-1
Evaluate 3 - 2 - (15 - 17).
3
Calculate 0 - (-3 + 4) - 1.
-2
What is the value of (2 - (4 - 9)) + -3?
4
What is the value of -3 + 1 + 1 + (0 - 1)?
-2
What is the value of -6 - -12 - 9 - (0 + 5)?
-8
What is the value of -5 - (4 - (-6 + 13))?
-2
-5 + 0 + 1 + 0 - -2
-2
-2 - (3 + (0 - (4 - 3)))
-4
What is the value of 6 - (2 + (-13 - -5) - -5)?
7
Calculate 4 - 16 - (-11 + (2 - -6)).
-9
-4 + 16 + -24 + 10
-2
5 + -3 - (4 - 0 - -3)
-5
What is the value of 2 + 2 + -10 + 4?
-2
Calculate 5 + -4 + -3 - 1.
-3
(6 + -3 - 4) + -2
-3
What is the value of 10 - (-8 + -4 + 19)?
3
(0 - -10) + -9 + -5
-4
What is (-1 - -1) + (5 - 5) + 3?
3
Calculate 0 + 8 + -45 + 36.
-1
What is 12 - (9 + (-7 + 8 - 6))?
8
Evaluate 5 - (4 + 0 + 3).
-2
What is the value of (1 - 7) + (0 + 8 - 5)?
-3
What is 5 + 3 + -3 + (-3 - -4)?
6
-1 - (1 - (3 - -4))
5
What is the value of (-3 - 1) + -4 + (4 - -2)?
-2
What is (0 - 2) + (-47 - -56)?
7
What is the value of -4 - ((5 - 7) + -5)?
3
Calculate (-12 - -10) + 6 + -1.
3
What is (-1 - (0 - -4)) + 2?
-3
Calculate 2 + -7 + 0 + 2 - 0.
-3
(-10 - -4) + (4 - (-8 - -2))
4
Calculate 6 + (-5 - -3) + 2.
6
(-333 - -332) + (-1 - (2 + 0))
-4
Evaluate (0 + 1 - -1) + (-11 - -11).
2
(-2 - 0) + (-1 + -2 - -3)
-2
-12 - (4 - (-6 + 15))
-7
Evaluate 10 + (-1 - 4) - 0.
5
What is 1 - (5 - 12 - -16)?
-8
Evaluate (-351 - -348) + 0 + -6 + 1.
-8
What is -133 + 117 + -1 + 9?
-8
What is (13 - 12) + 1 + 1?
3
Calculate -4 + -1 - (13 - (19 - -6)).
7
Calculate -24 + 17 + 8 + -1 - 10.
-10
(1 - 3 - -3) + 4 - 2
3
What is -6 + 10 - (1 - 1)?
4
What is 1 - -4 - (-26 + 16 + 20)?
-5
Calculate (5 - (-5 - -4)) + -6 + 5.
5
Calculate 1 - (-3 - -1) - (2 - 2).
3
What is the value of (-6 - 0) + (1 - -2 - 2)?
-5
Evaluate -64 - -70 - (2 + 1 + -2).
5
Evaluate -7 + -2 + (-1 - -7).
-3
What is the value of 8 + -2 + 0 + (-4 - -3)?
5
-2 - (-27 + 10 + 12)
3
Calculate (-2 - 1) + (-6 - (-5 - -1)).
-5
What is -1 - (2 + (3 - 1))?
-5
-3 + (-8 - (-11 + 10))
-10
What is 44 + -48 + (-1 - -10)?
5
Evaluate 10 + -12 - (2 + 3 + -3).
-4
Evaluate -2 + (-2 - -1) - (1 - 3).
-1
-2 + (5 - (1 + -4))
6
(12 - 7) + -3 + 4
6
Calculate -6 + 4 + 2 + -4 - -3.
-1
What is the value of 2 - (-5 - (-1 - 0))?
6
7 + 4 + -11 + 3
3
What is 0 - -4 - ((4 - 6) + 8)?
-2
What is the value of 4 - (-5 + 10 + 5 + -1)?
-5
Evaluate (-12 - -6) + (3 - -1) + -2.
-4
Calculate (4 - -1) + 4 + -7.
2
Calculate (4 - 13 - -10) + -12.
-11
Evaluate 4 + (-1 - -2) + -2.
3
Calculate -4 + 1 + 2 - -6.
5
Calculate -4 - (5 + -1) - -14.
6
What is the value of -1 + (-4 - (-7 - 1))?
3
10 - -1 - (-158 + 160)
9
What is (-9 - (6 - 11)) + 0 + 0?
-4
Evaluate 2 + 2 + -6 - (-11 - 1).
10
Evaluate 6 - 4 - (-2 - -2).
2
Calculate (9 - (-1 - -8)) + -7.
-5
Calculate (0 - -10) + -51 + 36.
-5
(-9 - -2) + 12 - 10
-5
Evaluate (20 - 25) + -2 + 2 + 0.
-5
What is 5 - 5 - 6 - -10?
4
6 + -5 + -1 - (1 - -2)
-3
What is 32 - 30 - (4 + -1)?
-1
What is the value of 3 + 1 + -6 + 1?
-1
What is 6 + (-2 - 9) + 5?
0
Evaluate -1 - 0 - (-11 + 7 + 6).
-3
Evaluate -4 + (-3 - -4 - 3) + 11.
5
-7 + (2 + 6 - 16) + 8
-7
What is -1 + -5 + 7 + -6 + 0?
-5
What is the value of 3 + (0 - (8 + -4 + -2))?
1
Calculate 48 + -40 - (1 + 1).
6
Evaluate 2 + -1 - 1 - (11 - 12).
1
Calculate 5 + 1 + -4 + 3.
5
-2 - -3 - 8 - -6 - 7
-8
What is the value of 4 + (1 - (2 - 4) - 2)?
5
What is 2 + (-4 - (-5 + 2))?
1
2 + 6 + -3 + -6 + -5
-6
Evaluate 4 - (-2 - -1) - 1.
4
What is -3 + -1 + -3 + 3?
-4
What is the value of 6 + (-2 - 1 - -2)?
5
What is the value of -3 + (8 + 0 - (1 - -1))?
3
Evaluate -1 - 1 - (1 + -5 - 1).
3
Calculate 2 + -1 - (5 - 2).
-2
What is 18 + -18 + (0 - 1)?
-1
Evaluate -2 + 2 + -5 + 0 - -11.
6
Calculate 8 - (3 - ((-1 - -7) + -5)).
6
Calculate 7 + (4 - -1 - 9).
3
Calculate -7 + -2 + 11 + -6.
-4
(1 - 3) + 7 + (2 - 11)
-4
(10 - (0 - -6)) + -8
-4
1 + (-3 + 6 - 1) - 8
-5
What is -6 - -3 - 5 - -7?
-1
What is the value of 4 + 1 - (5 - (4 - 1))?
3
Calculate 5 - (20 - (-12 + 22)).
-5
Calculate (-5 + -1 - (-42 - -37)) + 7.
6
7 - (0 + -4 + 5)
6
Evaluate -6 + -1 + 6 + (0 - 4).
-5
What is the value of (4 - 2) + -5 - 0?
-3
-2 - -1 - (-3 + -4 + 6)
0
Calculate 4 + -4 + 5 + (-4 - 0).
1
Evaluate 5 + -23 + -3 + 11.
-10
Evaluate 3 + (-1 - (3 + -3)).
2
Calculate 2 - 4 - (-5 + 4).
-1
(11 - 8) + (2 - 1)
4
Calculate -5 - 3 - -4 - 1.
-5
Evaluate (2 - 2) + -7 - -14.
7
What is -6 - (3 + -7) - (6 - -2)?
-10
4 + (-8 + 7 - 2)
1
6 + 6 + -16 + (3 - 1)
-2
What is 3 + -8 + (1 - -3) + -2?
-3
-3 + (10 - 6) + -3
-2
What is the value of -2 - ((-2 - -5) + -3)?
-2
Evaluate 11 + -14 - (-12 + 9).
0
-2 - (-2 - (-2 - -3) - 1)
2
Evaluate -36 + 47 + -4 + 1.
8
What is the value of 1 + -1 - (-7 - -9)?
-2
2 + (3 - 5) + 5
5
What is the value of -6 - (9 - (15 + -5))?
-5
What is 1 - 2 - (9 + -11)?
1
-16 + (-4 - -16) + (0 - -9)
5
Evaluate -15 + 3 + 11 + (-1 - 6).
-8
17 - (27 + (-25 - -11))
4
What is -1 - (-4 - (2 - 2))?
3
What is the value of 2 + (2 - 6 - -4) + -8?
-6
What is the value of -3 - -3 - (22 + -16)?
-6
What is the value of (-2 - -3) + -5 + -6 + 16?
6
What is -6 + 6 + -2 + 0?
-2
What is -3 - ((-2 - 4) + 2)?
1
Evaluate 1 + (7 - 13) - (-9 - 0).
4
Calculate -12 + 3 - -4 - (-2 - 1).
-2
What is -9 - (15 + -10 + (-2 - 7))?
-5
Evaluate 6 + -2 + -9 - -9.
4
Calculate -1 + 6 + -10 + 5.
0
What is the value of -1 + -2 + (-4 - -7)?
0
What is 6 - (2 + 3 + -1)?
2
Evaluate 3 + 1 - -7 - 6.
5
3 - (-3 + -2 + 3)
5
What is the value of -1 + 7 - (7 - -2)?
-3
What is 13 + (1 - 13) + 2 + -2?
1
(-2 + 2 - 4) + 0
-4
What is -1 + 0 + -1 - (-3 + 3)?
-2
Evaluate 70 + -66 + 1 + -3.
2
Calculate -2 - (-2 - (7 - 2)).
5
Evaluate -6 + 1 - (-14 - -7).
2
Evaluate -3 - (-1 + 2 + -4 + -3).
3
What is the value of -1 + 1 + 2 + (2 - 4)?
0
What is 17 + -11 - (1 + 0 - -2)?
3
Evaluate 13 + (-19 - (-8 + -6)).
8
What is -11 - -9 - (1 + -4 - -4)?
-3
Calculate -6 + (-3 + -4 - -6) + 15.
8
What is the value o